.
7
What is the value of 59 + -53 - (6 + -1)?
1
(0 - (-1 + 2)) + 3
2
What is (0 - -2) + -2 - (-1 + 0)?
1
Calculate 0 + (-1 + (-4 - -6) - 3).
-2
Evaluate -6 + (5 - (8 + -3)).
-6
What is the value of (2 - -2) + (-1 - (0 + 3))?
0
What is 13 + -8 - (1 + 0 + 1)?
3
Calculate -13 - (-6 + -3) - 0.
-4
What is the value of -2 + 2 + (-28 - -31)?
3
Calculate -4 + (-2 - (-2 + -2) - 3).
-5
Calculate (4 + -6 - -9) + -2.
5
What is 18 + -16 + (4 - 1 - 0)?
5
What is (-2 - -3) + 5 + -1?
5
What is 1 - -11 - (-21 + 26) - 6?
1
What is the value of 1 - (-6 + -4 + 4)?
7
Evaluate -4 - (1 + -4 + -2).
1
Evaluate 2 - 1 - (-2 - -7).
-4
What is (-5 - -19 - 7) + -8?
-1
What is (3 + -3 - -1) + -3 + 4?
2
Evaluate 8 + 5 - 1 - 12.
0
Evaluate -5 - (-2 + 3 + (6 - 16)).
4
-1 + -2 + -4 + 3
-4
Evaluate -5 + 15 + (4 - 9).
5
Calculate 2 + -1 - -4 - (0 + 0).
5
Calculate 2 - 11 - 2 - (-37 + 34).
-8
What is 3 + (0 - -2) - (1 + 2)?
2
What is the value of (5 + 1 - 1) + -5 + 2?
2
Calculate -1 + 7 - (15 + -11).
2
Evaluate 4 + 4 + -7 + -8.
-7
What is the value of (-1 - -1) + -2 + 7?
5
Evaluate 0 + 3 - (-15 + 1 + 11).
6
Evaluate 2 + 2 + -1 - (14 + -12).
1
3 + (-1 + -1 - -3) + -5
-1
Calculate -4 + 3 + (-2 - -5) - 3.
-1
Calculate 6 + -15 - (31 - 36).
-4
What is the value of (3 + -3 + -2 - -2) + 0?
0
What is the value of 0 + 3 - (7 - 8)?
4
What is the value of (-27 - -36) + (-2 - (1 + 2))?
4
Calculate (5 - 3) + (2 - 5) - -2.
1
What is the value of -2 + (1 - (2 - 3 - 3))?
3
Calculate -12 - ((11 - 9) + -10).
-4
What is the value of (4 - (3 + 1)) + 0 - -5?
5
Evaluate 5 - (6 + -4 - (-4 - -2)).
1
What is -6 - (20 + -26) - (-1 + -10)?
11
1 + (0 - (1 + 4)) - -7
3
Evaluate -3 + 0 - -8 - 6.
-1
What is the value of 2 + 2 + 8 + (-2 - 8)?
2
What is 1 + 3 - (6 - (-8 - -15))?
5
0 + -2 + (13 - 2 - 3)
6
What is (-3 - -1) + (-5 + 12 - 6)?
-1
(-4 - -5) + (6 - 15 - -11)
3
(5 - (0 - -2)) + -4 + -3
-4
What is the value of -2 - -9 - (-15 + 17)?
5
What is the value of (1 - 1) + -2 + 1 + -2?
-3
What is 9 + (3 - 4 - 3) - 0?
5
What is the value of -3 + -5 + -2 + 5?
-5
What is -9 - -31 - (3 - -9)?
10
What is 10 - -1 - (52 + -48)?
7
Evaluate (-33 - -12) + 19 - (-1 + -6).
5
What is the value of (0 - -3) + -28 + 20 - 0?
-5
What is -1 + (2 - 4) + 6?
3
Calculate 16 + -1 + 5 + -5 + -7.
8
-12 + 5 + 5 - (5 + 0)
-7
Evaluate -5 - ((-2 - (-5 + 0)) + -8).
0
What is the value of (2 - -2 - 2) + -2 + 0?
0
What is the value of 0 + 0 - (-49 + 44)?
5
(1 - (-7 - -5)) + -23 + 30
10
Calculate -21 - -11 - (3 - 19).
6
What is (-3 - (4 - 3)) + 2?
-2
What is 1 + (-2 - (2 - 0))?
-3
Evaluate 2 + 4 + 1 + (-2 - 1).
4
What is the value of 2 + -3 + -1 - -3?
1
What is -35 + 34 - (1 - -2)?
-4
What is (5 - 9) + 5 + (-2 - -1)?
0
Calculate (2 - 12 - (-12 - -10)) + 0.
-8
Evaluate 4 + -1 + 3 + 2.
8
What is (-7 - -10 - 7) + 4 - 8?
-8
(10 + -2 - -1) + 27 + -31
5
What is the value of -1 + 0 - (103 + -100)?
-4
Evaluate 5 + -1 - (-3 + (2 - -5)).
0
(0 - 0) + 0 + (-10 - -3)
-7
What is 1 - (2 + 1 + -8 - -2)?
4
Calculate (-4 - -10) + 5 + -5.
6
Calculate -13 - -1 - (10 + -16).
-6
Calculate -19 - (-4 - 6) - -8.
-1
What is 8 + -1 + 2 + (-8 - -7)?
8
-1 + 6 - (5 - -2)
-2
-2 + 5 - ((9 - 6) + -1)
1
Calculate (-4 - 0) + (-9 - -5) + 7.
-1
Evaluate -12 - (-11 + 9 + -20).
10
What is (20 - 14) + -3 + 1 + -1?
3
What is (2 - (-8 + 8)) + 0?
2
What is (3 - 2) + 2 + -3 + 2?
2
What is (19 - 16) + 1 + -7?
-3
Calculate 4 + (-7 - -6 - 1) + 2.
4
Evaluate 11 + 10 + -17 - -3.
7
Calculate (1 - 13) + 2 + 5 + -1.
-6
6 + 6 + 3 + -21 + 2
-4
What is 3 - ((-1 - -8) + -2)?
-2
Evaluate 4 + (2 - 9 - -8).
5
Evaluate 5 + -22 - (-4 + -2).
-11
What is the value of 2 - (-16 - -5 - -11)?
2
10 - (1 + -4) - (3 + 3)
7
Calculate 29 + -26 - (14 + -1) - -4.
-6
-12 + -5 + 3 + 5 - -3
-6
3 + (-7 - -3 - -2)
1
What is the value of (3 - 0) + (-1 - -2)?
4
What is 2 - (-9 - -3) - 4?
4
2 - (5 - 2) - 0
-1
What is the value of (-3 - -1) + -7 + 6?
-3
What is 5 + (-14 + 10 - (3 - 2))?
0
What is -1 + -7 - -4 - -6?
2
Calculate -2 + 3 + -3 + 3 + -6.
-5
Calculate 6 + (9 - 7) - 2.
6
What is the value of (-3 - (-4 - -9)) + 6?
-2
What is the value of (-14 - -4) + -6 + 17?
1
What is (-4 - (3 - 4)) + 0?
-3
Calculate -2 + -5 - (104 + -114).
3
What is the value of (-3 - (-2 + 8 - 9)) + 0?
0
Evaluate -4 + (-3 - -6) + 3.
2
What is (-1 - -2) + (-15 - -20)?
6
Calculate 6 - 7 - (-5 - (-1 - -5)).
8
Evaluate 12 + -17 - (-6 + 1 + -1).
1
1 + 6 + -2 + -6
-1
Evaluate -13 - (-13 + 0 + 5).
-5
(-5 - -1) + (14 - 14)
-4
Evaluate 1 + 4 - (8 - 2 - 2).
1
What is -5 + -1 + 8 + 3?
5
(-2 + 3 + 0 - -2) + 0
3
What is the value of -5 - ((-2 - -3) + -3)?
-3
What is the value of 2 + (5 - 7) - -5?
5
Calculate -6 - -3 - 1 - (1 - 3).
-2
What is the value of 1 + (-3 - -3) + -6?
-5
Evaluate -17 + 13 - ((-2 - -4) + -4).
-2
Evaluate 10 - (-12 + 13 - -3).
6
(-6 - (-6 + 6 - 8)) + 4
6
What is the value of -18 - -20 - (6 - 3) - -4?
3
(1 - 3) + -4 - (-17 - -12)
-1
Evaluate -8 - (-6 + -4 + -3).
5
Evaluate 10 - 5 - (-8 + 7 + -1).
7
What is (-7 - (1 + -3)) + (10 - 11)?
-6
-1 - (4 + -3) - (2 - 1)
-3
Evaluate -2 + (-1 - 0 - (-6 - -4)).
-1
What is the value of -4 + (4 - (1 + 1))?
-2
What is -6 + -1 - (-7 + 3 + 0)?
-3
Evaluate 7 + 1 + 24 + -29 - 7.
-4
Calculate 1 + 1 + 3 + -4.
1
Calculate 1 + (-5 - -1 - -2).
-1
What is the value of -2 - (19 - 17 - (1 + 2))?
-1
What is the value of -5 + 9 + (0 - 4 - -3)?
3
Evaluate 8 + (-3 - 0 - (-10 - -10)).
5
What is (-3 - 0 - (6 - 5)) + 0?
-4
Calculate 7 - (12 + -8) - -2.
5
What is the value of 3 + -5 + 1 + -1 + 5?
3
Calculate -6 - (15 - 4 - 7 - 1).
-9
What is -1 - -10 - (6 + -8 + 3)?
8
What is -28 + 23 + 1 + 7?
3
Evaluate 0 - (-6 + 0) - 5.
1
1 + -1 + (14 - 13)
1
Evaluate -3 + 11 + -4 - (-7 + 4).
7
Evaluate (7 - 2) + -2 + -6.
-3
Evaluate -8 + (4 - 0 - (-10 - -11)).
-5
What is -1 + (2 - ((-5 - 4) + 6))?
4
Calculate -6 + -6 + 8 + 3.
-1
What is the value of 0 - ((-7 - -3) + 8 + -7)?
3
Evaluate -11 + 0 + -21 + 23.
-9
What is 8 - (8 - 14) - 9?
5
What is the value of (5 - 0) + -1 - (2 + 3)?
-1
What is (12 - 17) + -1 + -3?
-9
Calculate 3 - -4 - (10 + -4).
1
Evaluate -6 + -2 + (3 - (1 - 0)).
-6
Calculate (-3 - 3 - (-7 - -14)) + 6.
-7
What is 5 + -2 - (3 + -8 + 12)?
-4
What is -3 + -6 - -3 - (2 + -6)?
-2
Calculate 2 + 4 + -10 - 1.
-5
What is the value of -2 - (-7 - (0 - 3))?
2
(-2 - (-3 + -3) - 6) + 2
0
(5 - (2 + 1 + 0)) + -1
1
Calculate -14 + -2 + 10 - (-4 - 2).
0
Evaluate -6 - (-7 + (10 - 13)).
4
Evaluate -2 + 12 - (28 - 22) - 6.
-2
Evaluate 5 + 5 + -15 - -3.
-2
Calculate (4 + -2 - 11) + 5 - -1.
-3
What is the value of (4 - 3) + -7 + 6?
0
What is the value of (1 - -1) + -1 - (1 - -2)?
-2
Evaluate (5 - 2) + -2 + -8 - -1.
-6
What is the value of (-2 - (0 + 0)) + (-1 - -4)?
1
(73 - 77) + (5 - (-1 + 1))
1
Evaluate 10 + -2 + -5 - 5.
-2
What is 0 + 6 - (6 - 2)?
2
Evaluate 0 - -1 - 4 - (0 - -3).
-6
What is the value of -6 + (2 - 1 - (-1 - 1))?
-3
Evaluate (1 - ((-8 - -1) + 3)) + -3.
2
-25 + 22 - (2 - (8 - 1))
2
Evaluate -3 - (-4 + 1 - (-5 - -2)).
-3
Calculate (8 - -16) + -17 + 0 + -14.
-7
-18 + 18 - (2 + -2)
0
What is the value of 5 + 1 + 0 + -3 + -8?
-5
What is the value of -5 + (15 - (2 - -3)) - 4?
1
Calculate -3 + (3 - 2) + 0 + 2.
0
What is the value of -4 - (1 - 3) - (12 - 7)?
-7
What is 50 + -50 + (0 - (-2 - -1))?
1
What is the value of (-1 - -3 - (10 + -12)) + -2?
2
What is -4 + (3 - -2) - 6?
-5
What is -5 + 2 + (-8 + 5 - -5)?
-1
3 - (-2 - (4 + -6) - 2)
5
Evaluate -1 + -1 + 1 + -4.
-5
Calculate -16 - -13 - ((-4 - -4) + -8).
5
Evaluate 6 - 1 - (-3 - -8).
0
Calculate 0 + 15 + -7 + -2.
6
Evaluate (-3 - (-1 - 0)) + -1 + 5.
2
What is the value of -5 + (-2 - (-4 + -2 + 3))?
-4
What is the value of 0 + 3 + (2 - (-1 + 1))?
5
(-1 - (2 + -1 - 0)) + 1
-1
Calculate 3 + -1 - (-2 + -4 - -2).
6
What is 1 + 1 + -7 + 4?
-1
What is the value of 1 - 1 - (-4 - -6)?
-2
Evaluate 1 + -1 + 22 + -22.
0
Evaluate (0 - (1 - 4 - -5)) + 5.
3
(0 - 1) + 13 + -10 - 3
-1
What is the value of 6 - (5 - -3) - 1?
-3
-8 + 1 - -7 - (1 - 1)
0
5 + (3 - (1 - 0)) - 0
7
-7 - (-2 + -3) - -8
6
Calculate 0 + (-6 - (-4 - (-4 + 3))).
-3
What is the value of 2 - (6 + -6 + -3 - 4)?
9
Calculate (-1 - 4) + -1 + 4 + 0.
-2
What is (-6 - -6) + (-3 - -2) + 4?
3
2 + 4 + (-6 - 4)
-4
What is -14 + (1 - -11) - (0 - -6)?
-8
-8 - -11 - (8 - (3 + -4))
-6
Evaluate -1 + -6 + 9 + -6.
-4
What is the value of 0 + 8 - -